+ 181. What is the remainder when w is divided by 13?
8
Suppose 3*w - 12 = 4*b + 284, 292 = 3*w - 5*b. Calculate the remainder when w is divided by 15.
14
Let w(s) = 8*s**2 + 4*s - 4. What is the remainder when 317 is divided by w(3)?
77
Suppose 15*p + 1962 = 33*p. What is the remainder when 212 is divided by p?
103
Calculate the remainder when 14 is divided by (14 - (8 - 4)) + -8.
0
Suppose -14*z - 15*z + 348 = 0. What is the remainder when 59 is divided by z?
11
Let s = -81 - -84. What is the remainder when 106 is divided by s?
1
Suppose -3*d + 551 = 214*f - 210*f, 4*f - 550 = -2*d. What is the remainder when f is divided by 31?
13
Suppose 9*f - 96 = -3*f. What is the remainder when (58/4)/((-8)/(-16)) is divided by f?
5
Suppose r - 1 - 2 = 0. Let a = -1 + r. Let f = 13 + a. Calculate the remainder when 29 is divided by f.
14
Let v = -83 + 170. Let p = v - 48. Let m = 99 - 89. Calculate the remainder when p is divided by m.
9
Let r(l) = 4*l**2 - 18*l - 27. What is the remainder when 162 is divided by r(8)?
77
Suppose 23*u = 20*u + 24. Let z(i) = i**3 - 7*i**2 - 2*i. Calculate the remainder when z(u) is divided by 13.
9
Suppose 2*j = 5*s + 3*j - 15, 4*s = j + 3. Suppose -2*y + 2*q + 196 = -2*q, -4*q + 196 = s*y. Calculate the remainder when y is divided by 26.
20
Let k be ((-5)/3)/(1/(-3)). Suppose 4*f - k*c - 257 = 0, -2*f - 4*c = -5*f + 194. Let x = -2956 - -2971. Calculate the remainder when f is divided by x.
13
What is the remainder when 176 is divided by (-1)/3 - 3175/(-75)?
8
Let z = -36 + 60. Suppose -z = 2*p - 3*p. Calculate the remainder when 89 is divided by p.
17
Let z(y) = -y**3 + 33*y**2 + 41*y - 218. Let r = 60 + 15. What is the remainder when r is divided by z(34)?
15
Suppose -8*l + 5*o - 198 = -9*l, 792 = 4*l - o. What is the remainder when l is divided by 32?
6
Let a(b) = 3*b + 4. Let k(m) = -5*m - 7. Let y(d) = -7*a(d) - 4*k(d). Let s be y(-3). Calculate the remainder when 41 is divided by (132/8)/(s/4).
19
Suppose 4*s + 2*r = 18, s - 4*r = 2*s - 15. Suppose -3*k + s*w = -150, 5*w + 140 = k + 2*k. What is the remainder when k is divided by 14?
13
Let b(i) = -139*i**3 - i**2 + 4*i + 4. Suppose -w - 2*u - 11 = 0, 1 = u + 6. What is the remainder when b(w) is divided by 35?
33
Let k be -3 + -5*(22 + 3). Let x = k + 271. Calculate the remainder when x is divided by 36.
35
Suppose -5*d = -2*j - 0*j + 194, j = -d + 104. Suppose 0 = 3*x - 6 - j. Calculate the remainder when 69 is divided by x.
33
Let d(b) = 19*b**3 + b - 1. Let r(m) = -205*m + 5. Let x be r(-1). Calculate the remainder when 2/(6*2/x) is divided by d(1).
16
Let v = 24 - 8. Suppose 0 = 2*c - v*c + 490. What is the remainder when 138 is divided by c?
33
Calculate the remainder when 149 is divided by ((-2)/(-6))/(12/504).
9
Let g(w) = -w**2 + 1. Let x(p) = -2*p**2 - 10*p + 27. Let l(h) = -3*g(h) + x(h). Calculate the remainder when l(7) is divided by 3.
0
Let z(j) = j - 8. Let x be z(10). Suppose -x*a - 54 = 2*n, 0 = 5*n - 3*a + 102 + 49. Let f = -27 - n. Calculate the remainder when 4 is divided by f.
0
Let g(y) = 20*y - 34. What is the remainder when 181 is divided by g(4)?
43
Let u(q) = 3*q**3 - 10*q**2 + 4*q - 8. Calculate the remainder when u(4) is divided by 24.
16
Let v(u) = u**2 + 7*u + 7. Suppose 0 = -2*n - 6*n + 1168. Calculate the remainder when n is divided by v(-10).
35
Suppose -5*w = -8*w - 3*m + 6, w - 5*m = 2. Suppose -w*n = -74 - 60. Let l = n - 40. Calculate the remainder when l is divided by 14.
13
Calculate the remainder when 132 is divided by ((-68)/8)/((36/(-8))/9).
13
Let v(t) = 137*t + 430. What is the remainder when 140 is divided by v(-3)?
7
Let t(o) = o**3 + 9*o**2 + 11*o + 3. Let i be t(-8). Let k be i/(-28)*(5 - 1). Suppose 74 = 5*q - k*q. What is the remainder when q is divided by 10?
7
Suppose 3*s - 176 = 25. Suppose -5*u = -2*u + 5*i - s, -2*i = u - 24. Suppose 13 = 3*h - u. What is the remainder when 15 is divided by h?
6
Calculate the remainder when 69 is divided by (-24)/(-18)*558/24.
7
Let t = 99 + -25. Let i(f) = -f**3 - 2*f**2 + f + 19. What is the remainder when t is divided by i(0)?
17
Suppose 0 = -5*g - 7*i + 10*i + 108, -4*g + 87 = -3*i. Suppose -2*j - 3*x = -0*x - 10, -4*x = 3*j - 15. Calculate the remainder when g is divided by j.
1
Let q(w) = w**2 + 11*w - 19. Let x be q(-13). Suppose 36 = x*g - 118. What is the remainder when g is divided by 14?
8
Let y(z) = -z**2 + 38*z - 139. What is the remainder when 305 is divided by y(5)?
19
Suppose -4*z - 26 = -d, -5*d - 14 = 3*z - 6. Suppose 3*a - 128 = 2*q, 0*q + 5*q = -5*a + 205. Calculate the remainder when (4/z)/((-4)/a) is divided by 5.
2
Let h be (-40)/(-4)*(-224)/(-5). Suppose c + 4*c = -3*y + 559, 4*c - h = -2*y. Calculate the remainder when c is divided by 29.
26
Suppose 1799 = -40*n + 9919. Calculate the remainder when n is divided by 19.
13
Let h be 26/3 + 3/9. Suppose -6*m - 62 = -h*m - n, 4*m - 5*n - 108 = 0. What is the remainder when 85 is divided by m?
19
Let c(q) be the third derivative of -57*q**4/4 - q**3/2 + 18*q**2. Calculate the remainder when c(-1) is divided by 68.
67
Calculate the remainder when 431 is divided by (-18)/8 + (-260)/(-16).
11
Let m = -53 + -34. Let z = m + 132. What is the remainder when z is divided by 25?
20
Suppose 3930 - 1368 = 21*d. Calculate the remainder when d is divided by 21.
17
Let y be (152/(-28) + 2)*-7. Let j = y + 126. Calculate the remainder when j is divided by 19.
17
Let p(m) = -31*m + 56. Calculate the remainder when p(-8) is divided by 44.
40
Suppose -530 = -3*n + 4*s, 2*n + 537 = 5*n + 3*s. Suppose -n = -4*t + 6. Let y(l) = -4*l - 4. What is the remainder when t is divided by y(-7)?
22
Let i(m) = 7*m**2 - 2*m. Let r be i(1). Suppose -4*g = x - 413, 0 = -3*g + r*x - 0*x + 327. Calculate the remainder when g is divided by 21.
20
Suppose -255 = -5*w - 4*a, 21*a - 25*a = -2*w + 130. Calculate the remainder when w is divided by 34.
21
Let i = 2 + -13. Let q(f) = -f**3 - 10*f**2 + 11*f. Let n be q(i). Suppose n = -k + 9*k - 456. Calculate the remainder when k is divided by 15.
12
Suppose 2*r - r - 55 = 0. Suppose -3*h = 0, 3*h - r - 11 = 2*j. Calculate the remainder when 3/(2 + j/18) is divided by 7.
4
Let z be ((-12)/(-9))/(2/21*7). Suppose -5*x + 273 = z*x. Calculate the remainder when 111 is divided by x.
33
Let u = -32 - -55. Suppose -u = -2*z - 5. Calculate the remainder when ((-39)/2)/((-3)/4) is divided by z.
8
Let j = 2 + 16. Suppose -5*n + 22 = -3. Suppose -5*h = -6*h + n. Calculate the remainder when j is divided by h.
3
Let m = -17 + 19. What is the remainder when ((-9)/(9/(-28)))/m is divided by 3?
2
Let l(p) be the first derivative of p**2/2 - 3*p - 2. Let n = -160 - -161. Calculate the remainder when l(6) is divided by n.
0
Calculate the remainder when (816/119)/(2 + (-110)/56) is divided by 70.
52
Let x = -107 + 185. Calculate the remainder when 80 + 7*(-4 + x/21) is divided by 32.
14
Let q(t) = -2*t - 5. Let y = -117 + 106. Calculate the remainder when 60 is divided by q(y).
9
Let w = -705 + 879. What is the remainder when w is divided by 18?
12
Let z(u) = -4*u**3 + 5*u**2 + 4*u + 1. Let s(r) = r**2 + 49*r + 389. Calculate the remainder when z(-3) is divided by s(-9).
26
Let l = -21 - -30. Let p(k) = 11*k + 46. Calculate the remainder when p(-1) is divided by l.
8
Let z(b) = -1 - 1 + 3*b**2 + 10*b + 10. Let k be z(-6). Suppose 0 = 4*t + 4*s - 80, 4*t = t - 5*s + k. What is the remainder when 42 is divided by t?
20
Suppose 3*q = 4*z - 169, 3*z + 141 = 3*q - 6*q. Let j = -35 - q. Calculate the remainder when 77 is divided by j.
13
Let v be (-2 - (-6 - 2))/2. Let y(j) = 2*j + 4. What is the remainder when ((-4)/v)/((-3)/90) is divided by y(5)?
12
Let p(w) = 13*w - 15. What is the remainder when 142 is divided by p(5)?
42
Let j = 805 + -726. What is the remainder when j is divided by (-2)/((-38)/34 + 1)?
11
Let v = -61 + 191. Suppose 535 = 5*d - 0*d. Suppose -d = -3*z + 4*n, -62 = -2*z - 3*n + n. What is the remainder when v is divided by z?
31
Let i = 32 - -20. Let v = 51 + -33. What is the remainder when i is divided by v?
16
Let l(m) = 5*m**2 - 13*m + 41. Calculate the remainder when l(-6) is divided by 38.
33
Suppose -5 = -7*k + 163. Let i = -3 - -8. Calculate the remainder when k is divided by i.
4
Calculat